r?
False
Suppose 15*p = 34*p - 18829. Is p a prime number?
True
Suppose -2*h = 3*i - 35, 2*h - 3*i = -3*h + 77. Let f = h - 16. Suppose f*q + 579 = 5*q + y, 246 = 2*q + 4*y. Is q prime?
False
Let d = 2704 - 575. Is d prime?
True
Let y(f) = 9142*f**2 + 16*f + 17. Is y(-1) prime?
False
Suppose -2*h + 2*u - 8 = 0, -2*u + 2 + 7 = -3*h. Is 610/20*(3 - h) a composite number?
True
Let q(m) = 1068*m**2 - 4*m - 5. Is q(-3) a composite number?
False
Let k(j) = 8*j**2 + 6*j - 15. Let t be 12*(2 + 32/(-12)). Is k(t) composite?
False
Suppose 36897 = -32*u + 134081. Is u a composite number?
False
Let p(d) = -d**2 + 13*d - 3. Let f(s) = 2*s**2 - 13*s + 3. Let h(m) = 2*f(m) + 3*p(m). Let o be h(-10). Let l = 52 + o. Is l composite?
False
Let v(y) = y. Let t(g) = g - 8. Let k be t(8). Let p be v(k). Suppose f - 5*f + 124 = p. Is f a composite number?
False
Let r(q) be the first derivative of 25*q**3/3 + 2*q**2 + 9*q - 18. Is r(-4) prime?
False
Let i(n) = -88*n - 269. Is i(-39) prime?
True
Let d(a) = 5*a**2 + 4*a + 181. Is d(-26) prime?
True
Suppose 0*j - 12 = -j. Is (-2038)/(-3)*j/8 composite?
False
Suppose -3*o + 4*p + 394563 = 2*o, -2*o + 3*p = -157828. Is o composite?
True
Let v(q) = -q - 3. Let x = -19 + 24. Suppose 5*j - 35 - x = 4*r, -2*r + j = 20. Is v(r) composite?
False
Let z = 27 + -22. Suppose z*a - 571 = 2*s, -466 = a - 5*a - 3*s. Is a prime?
False
Let x(o) = o**3 - 7*o**2 - 3*o. Let m(f) = 2*f + 1. Let w be m(5). Is x(w) a prime number?
False
Let f(a) = -7*a**2 - 2*a - 8. Let h(z) = -28*z**2 - 6*z - 33. Let c(d) = -9*f(d) + 2*h(d). Is c(5) composite?
False
Let k(p) be the second derivative of 5*p**4/12 - 5*p**3/3 - 4*p**2 - 11*p. Is k(-7) a prime number?
True
Suppose 2*j + 696 = -j. Let k = -23 - j. Let f = 420 - k. Is f a composite number?
False
Suppose -n - 31 + 505 = 0. Let k = 97 + n. Is k a prime number?
True
Let i be (-24)/(7/((-42)/(-9))). Is (-2194)/(-4)*6 - (12 + i) composite?
True
Suppose 3*u - 5*p = 3856, 4*p + 5 = 3*p. Is u a composite number?
False
Let t = -6160 - -12158. Is t a prime number?
False
Suppose 0*n = -3*n - 4*s + 103, 5*s - 20 = 0. Suppose n*x + 332 = 33*x. Is x prime?
True
Let v be ((-1)/(-2))/((-10)/(-20)). Suppose 1167 = 3*x + 3*t, 1 + v = -2*t. Let s = -277 + x. Is s a composite number?
False
Suppose -3*r = 5*w - 880, 5*r - 3*w - w = 1405. Let j = r - 154. Suppose -j - 201 = -4*a. Is a prime?
True
Suppose 0 = 2*r - 446 + 116. Suppose 190 = k + 4*s - r, 2*s = -2. Is k a prime number?
True
Let n = -31 + 34. Suppose n*l - 2*j = 62 + 1057, 0 = 2*j + 6. Is l a composite number?
True
Let u(r) be the second derivative of -r**5/20 + r**4/6 - r**3/3 + r**2 - 9*r. Is u(-3) composite?
False
Suppose 0*r + 4*r = 1644. Suppose o = r - 124. Is o prime?
False
Suppose -3*z + 9295 = -3*a - 12746, -a = -4*z + 29394. Is z composite?
False
Let r(b) = 52*b + 21. Let j be r(18). Suppose 4*v = -0*v, -3*u = -3*v - j. Is u a composite number?
True
Suppose -62*d + 141104 = -46*d. Is d a composite number?
False
Let s = 744 - 1306. Suppose 5*y + y - 5274 = 0. Let d = s + y. Is d a prime number?
True
Suppose 5*q - 42639 = 126. Suppose 0*u = 2*u - 36. Is q/27 + 4/u composite?
False
Let m = -8497 + 12938. Is m a prime number?
True
Suppose 3*t - 78990 = 77739. Is t prime?
False
Let o(x) = -262*x + 397. Is o(-6) a composite number?
True
Let x = -19704 - -46701. Is x a composite number?
True
Let n(d) = 5*d - 12. Let w be n(5). Let z(o) = o**3 - 8*o**2 - 4*o + 22. Is z(w) a prime number?
False
Let q = -965 + 1811. Suppose -q = 4*s - 13*s. Is s a prime number?
False
Let r(k) = -3*k + 5*k**2 + 19 + 2*k**3 - 20 + k**3. Let y be r(3). Suppose y - 304 = -4*g. Is g a composite number?
False
Suppose 2*n + 4*d = 10, 31*n - 41 = 27*n - d. Let s(a) = -16*a - 4. Let x be s(-3). Let c = x - n. Is c a composite number?
True
Suppose 3817 = 5*s + 672. Is s prime?
False
Let y = 95 - 0. Let q be (-178)/(-10) - (-2)/10. Let h = y - q. Is h a prime number?
False
Suppose 0 = -3*f + 3*d + 1296, -5*f = -6*f - 3*d + 424. Suppose j + 137 = f. Is j composite?
False
Let a(v) = -381*v - 3. Let g(c) = -1144*c - 8. Let d(z) = -7*a(z) + 2*g(z). Is d(2) prime?
False
Suppose 2*x = -q - 3, 0 = x + q - 2*q - 3. Suppose -h + 4*v + 221 - 56 = 0, -2*h + 348 = v. Suppose x = -3*s + h + 172. Is s prime?
False
Let d be (-2)/(-6) + (-75)/(-45). Is (0 + 477/12)/(d/8) prime?
False
Let j = 1412 - 333. Is j a composite number?
True
Let w(p) be the first derivative of 40*p**3/3 + 5*p**2/2 - 10*p + 9. Is w(7) a prime number?
False
Suppose 38 + 377 = v. Let b = v + -272. Is b prime?
False
Let d(m) be the first derivative of m**4/4 + 11*m**3/3 - 31*m**2/2 + 18*m + 1. Is d(-13) a composite number?
False
Suppose 3*r + 47 = -37. Let x = -40 + 102. Let y = x + r. Is y prime?
False
Suppose 26*t - 4782 = 23*t. Is ((-7)/(-42))/(1/3)*t a prime number?
True
Let z = -685 - -1158. Is z prime?
False
Let t(v) be the second derivative of v**5/20 + 5*v**4/6 + 4*v**3/3 + v**2 + 12*v. Suppose 4*k = -7 - 21. Is t(k) a prime number?
False
Is 3780049/455*(0 - -5) a composite number?
False
Is (492 - 0) + (7 - (13 - 7)) a composite number?
True
Let g(c) be the second derivative of -1/6*c**3 + 0 - 5/2*c**2 + 3/4*c**4 - 5*c. Is g(-7) a prime number?
True
Is -2 + 4026/9 + 3/(-9) prime?
False
Let r be 15*((-2)/(-3) - (-14 - -12)). Is 59232/r - (-1)/5 composite?
False
Suppose -5*n = -1 - 4. Let k be (-3)/6*(-4)/n. Suppose -194 = -0*q - k*q. Is q prime?
True
Suppose -5*j + 25506 = 6011. Suppose -32*o = -39*o + j. Is o composite?
False
Let y(z) = 583*z - 64. Is y(11) a composite number?
True
Let q be (-4 + -3 - -3)*1/(-2). Suppose 0 = -q*x + 142 - 18. Is x prime?
False
Let p(i) = 26*i - 3. Let t be p(15). Suppose 2*n - t = -133. Is n a prime number?
True
Let t(a) be the second derivative of a**5/20 - 5*a**4/12 - 2*a**3 - 3*a**2 + 4*a. Let v be t(7). Suppose -6*b + v*b = 2402. Is b a prime number?
True
Suppose 0*s + 2*i = -2*s - 284, 3*i = 5*s + 742. Let g = 1173 - s. Is g a prime number?
True
Let p(b) = b**3 - 16*b**2 + 9*b + 20. Suppose 14 = h + u, -5*h + 90 = -5*u - 0*u. Let w be p(h). Suppose 0 = -3*o + o + w. Is o composite?
True
Let w be (-771)/((-33)/6 + 4). Suppose 2*h + 227 = -283. Let n = w + h. Is n prime?
False
Let z(i) = 4*i**2 - 3*i + 14. Let x be z(7). Let p = x + -110. Is p prime?
True
Let p(s) = 2364*s - 137. Is p(6) a composite number?
True
Suppose -61312 = -9*h + 39515. Is h a composite number?
True
Let m = 13282 + -2267. Is m prime?
False
Let y be 8/(-12) + (-22)/(-6). Let x(j) = -j**3 + 3*j**2 + 2*j. Let w be x(y). Suppose -3*k = -5*r + 355, -w*k + 168 = 2*r - 2*k. Is r a prime number?
False
Suppose -3 = r - 2, 4*r - 11 = -3*l. Suppose 0 = 5*p, -4*t + 0*p + 1988 = -l*p. Is t a prime number?
False
Let r be (-10)/6*12/(-10). Let o(h) = -2*h + h**3 - h - 4*h**2 - r + 0*h**3 + 5. Is o(6) prime?
False
Let a be 632 + (-4)/((-8)/(-2)). Suppose -884 = -5*r + a. Suppose 0 = -3*s + r + 396. Is s a composite number?
False
Let u(n) = 17*n + 2203. Is u(0) a composite number?
False
Let m(a) = -12*a + 10 + 5 + 2*a**2 - a**2. Let y be m(12). Is ((-22)/4)/(y/(-30)) prime?
True
Suppose -41629 = -10*q + 13761. Is q composite?
True
Let a be 2/4*28 - 3. Let f(z) = -z**3 + 16*z**2 - 17*z + 25. Is f(a) prime?
True
Let v = -13 - -15. Suppose 0 = v*u + 4*k - 5*k - 2190, 4*k = 8. Suppose -4*x = -4*r + u, 2*r - r + 2*x = 274. Is r prime?
False
Is ((-4)/(-9))/(6/(-6021)*-1) a composite number?
True
Suppose 0 = 2*m - 3*m + 3*s - 26, 0 = 3*s - 15. Let z(x) = 2*x**2 + 7. Is z(m) prime?
False
Let o(t) = 4*t**3 - t**2 + t - 3. Let z(r) = -4*r**3 + 2*r**2 - r + 3. Let v(u) = -3*o(u) - 2*z(u). Let w be v(-4). Let h = 750 - w. Is h a prime number?
True
Suppose 11 = 3*h + 3*t - 4, 3*h = -4*t + 20. Let v(x) = 2*x + 2. Let o be v(h). Suppose 35 = -o*s + 217. Is s composite?
True
Let t(l) = 7*l**2 - 3*l + 1. Let c be t(-4). Let g be (-2)/(-9) + (-6933)/(-27). Suppose c + g = 2*z. Is z a composite number?
False
Suppose -4*m + 0*p - 3*p = -29, -m + 5*p + 36 = 0. Suppose 9235 = m*a - 6*a. Is a a composite number?
False
Let h(u) = -13*u**3 + 33*u**2 - 2*u + 3. Is h(-4) a prime number?
False
Let m(z) = -z + 2. Let t be m(2). Suppose 4*n + 5*j + 761 = t, n + 3*j = 6*j - 203. Let w = n + 613. Is w prime?
True
Let m = 21791 - 5664. Is m composite?
False